{"id":35891,"date":"2020-04-23T09:28:33","date_gmt":"2020-04-23T09:28:33","guid":{"rendered":"http:\/\/www.kezdi.ro\/?page_id=35891"},"modified":"2020-04-23T09:45:47","modified_gmt":"2020-04-23T09:45:47","slug":"drepturile-persoanelor-cu-handicap","status":"publish","type":"page","link":"https:\/\/www.kezdi.ro\/ro\/drepturile-persoanelor-cu-handicap\/","title":{"rendered":"Drepturile persoanelor adulte cu handicap"},"content":{"rendered":"<p><strong>Certificatele de \u00eencadrare \u00een grad handicap, a c\u0103ror valabilitate expir\u0103 \u00een perioada st\u0103rii de urgen\u021b\u0103, \u00ee\u0219i p\u0103streaz\u0103 valabilitatea \u0219i vor putea fi re\u00eennoite \u00een termen de 90 zile dup\u0103 \u00eencetarea st\u0103rii de urgen\u021b\u0103<\/strong><strong>!<\/strong><\/p>\n<p>&nbsp;<\/p>\n<p>\u00cen vederea evalu\u0103rii care nu poate fi am\u00e2nat (cazuri noi \u0219i reevalu\u0103ri care \u021bin de schimbarea st\u0103rii de s\u0103n\u0103tate a persoanei cu handicap), actele vor fi trimise electronic la adresa de e-mail a Direc\u021biei de Asisten\u021b\u0103 Social\u0103: <a href=\"mailto:spas.targusecuiesc@gmail.com\">spas.targusecuiesc@gmail.com<\/a>:<\/p>\n<p>&#8211; Cerere tip (anex\u0103: CerereEvaluare)<\/p>\n<p>&#8211; Recomandare de la medicul de familie (anex\u0103: ScrisoareMedicala)<\/p>\n<p>&#8211; Recomandare de la medicul specialist (anex\u0103: ReferatMedical)<\/p>\n<p>&#8211; Copia actului de identitate al persoanei cu handicap<\/p>\n<p>&#8211; Certificatul de \u00eencadrare \u00een grad handicap, dup\u0103 caz<\/p>\n<p>&#8211; Adeverin\u021b\u0103 de venit (\u00een cazul pensiei cuponul de pensie va fi \u00eenso\u021bit de decizia de pensionare)<\/p>\n<p>&nbsp;<\/p>\n<p>Solicitan\u021bii vor fi contacta\u021bi telefonic \u00een vederea confirm\u0103rii\/complet\u0103rii dosarului.<\/p>\n<p>Dosarele \u00eentocmite vor fi transmise de DAS, din oficiu, Comisiei de evaluare din cadrul Direc\u021biei Generale de Asisten\u021b\u0103 Social\u0103 \u0219i Protec\u021bia Copilului Covasna.<\/p>\n<p>Dup\u0103 emitere, Certificatul de \u00eencadrare \u00een grad handicap va fi transmis titularului, iar titularul va trimite o copie la adresa de e-mail a Direc\u021biei de Asisten\u021b\u0103 Social\u0103.<\/p>\n<p>&nbsp;<\/p>\n<p><strong>\u00cen func\u021bie de gradul de handicap, titularul are urm\u0103toarele drepturi:<\/strong><\/p>\n<p>1. GRAV, cu asistent personal:<\/p>\n<p>&#8211; 500 lei, f\u0103r\u0103 cerere<\/p>\n<p>&#8211; Angajarea unui asistent personal sau acordarea indemniza\u021biei pentru plata \u00eengrijitorului, pe baz\u0103 de cerere (anex\u0103: CerereAsistentIndemnizatie), \u00eenso\u021bit\u0103 de copia urm\u0103toarelor documente:<\/p>\n<p>&#8211; Certificat de \u00eencadrare \u00een grad handicap<\/p>\n<p>&#8211; Cartea de identitate a persoanei cu handicap<\/p>\n<p>&#8211; Cartea de identitate a asistentului personal desemnat<\/p>\n<p>&#8211; Adeverin\u021b\u0103 de venit<\/p>\n<p>&#8211; Extras bancar cu num\u0103rul contului bancar<\/p>\n<p>2. GRAV, f\u0103r\u0103 asistent personal:<\/p>\n<p>&#8211; 500 lei, f\u0103r\u0103 cerere<\/p>\n<p>3. ACCENTUAT:<\/p>\n<p>&#8211; 375 lei, f\u0103r\u0103 cerere<\/p>\n<p>4. MEDIU:<\/p>\n<p>&#8211; 60 lei, f\u0103r\u0103 cerere<\/p>\n<p>5. U\u0218OR:<\/p>\n<p>&#8211; Luare \u00een eviden\u021b\u0103 a persoanei cu handicap, f\u0103r\u0103 drepturi b\u0103ne\u0219ti<\/p>\n<p>&nbsp;<\/p>\n<p>&nbsp;<\/p>\n<p><strong><u>Alte drepturi:<\/u><\/strong><\/p>\n<p><strong>Scutire de la plata impozitului &nbsp;( \u00een cazurile 1,2,3):<\/strong><\/p>\n<p>&#8211; Mai multe informa\u021bii la Biroul de Impozite \u0219i Taxe Locale: tel. 0267\/361974, int. 129<\/p>\n<p>&nbsp;<\/p>\n<p><strong>Roviniet\u0103 gratuit\u0103 (\u00een cazurile 1,2,3,4) \u00een baza cererii \u0219i documentelor doveditoare:<\/strong><\/p>\n<p><strong>Pentru autoturismul aflat \u00een proprietatea persoanei cu handicap:<\/strong><\/p>\n<p>&#8211; Cerere tip (anex\u0103: CerereRovinetaTitular)<\/p>\n<p>&#8211; Cartea de identitate a persoanei cu handicap<\/p>\n<p>&#8211; Certificatul de \u00eencadrare \u00een grad handicap<\/p>\n<p>&#8211; Certificatul de \u00eenmatriculare \u0219i cartea de identitate a autoturismului<\/p>\n<p>&nbsp;<\/p>\n<p><strong>Pentru autoturismul aflat \u00een proprietatea asistentului personal:<\/strong><\/p>\n<p>&#8211; Cerere tip (anex\u0103: CerereRovinetaAsistentPersonal)<\/p>\n<p>&#8211; Cartea de identitate a persoanei cu handicap<\/p>\n<p>&#8211; Certificatul de \u00eencadrare \u00een grad handicap<\/p>\n<p>&#8211; Cartea de identitate a asistentului personal<\/p>\n<p>&#8211; Contractul de munc\u0103 valabil al asistentului personal<\/p>\n<p>&#8211; Certificatul de \u00eenmatriculare \u0219i cartea de identitate a autoturismului<\/p>\n<p>&nbsp;<\/p>\n<p><strong>Pentru autoturismul aflat \u00een proprietatea \u00eengrijitorului\/\u00eenso\u021bitorului:<\/strong><\/p>\n<p>&#8211; Cerere tip (anex\u0103: CerereRovinetaInsotitor)<\/p>\n<p>&#8211; Cartea de identitate a persoanei cu handicap<\/p>\n<p>&#8211; Certificatul de \u00eencadrare \u00een grad handicap<\/p>\n<p>&#8211; Cartea de identitate a \u00eengrijitorului\/\u00eenso\u021bitorului<\/p>\n<p>&#8211; Certificatul de \u00eenmatriculare \u0219i cartea de identitate a autoturismului<\/p>\n<p>&#8211; Declara\u021bia persoanei cu handicap cu privire la \u00eengrijitor\/\u00eenso\u021bitor (anex\u0103: DeclaratieInsotitor)<\/p>\n","protected":false},"excerpt":{"rendered":"<p>Certificatele de \u00eencadrare \u00een grad handicap, a c\u0103ror valabilitate expir\u0103 \u00een perioada st\u0103rii de urgen\u021b\u0103, \u00ee\u0219i p\u0103streaz\u0103 valabilitatea \u0219i vor putea fi re\u00eennoite \u00een termen de 90 zile dup\u0103 \u00eencetarea st\u0103rii de urgen\u021b\u0103! &nbsp; \u00cen vederea evalu\u0103rii care nu poate fi am\u00e2nat (cazuri noi \u0219i reevalu\u0103ri care \u021bin de schimbarea st\u0103rii de s\u0103n\u0103tate a persoanei [&hellip;]<\/p>\n","protected":false},"author":1,"featured_media":0,"parent":0,"menu_order":0,"comment_status":"closed","ping_status":"closed","template":"","meta":{"ngg_post_thumbnail":0,"footnotes":""},"class_list":["post-35891","page","type-page","status-publish","hentry"],"_links":{"self":[{"href":"https:\/\/www.kezdi.ro\/ro\/wp-json\/wp\/v2\/pages\/35891\/"}],"collection":[{"href":"https:\/\/www.kezdi.ro\/ro\/wp-json\/wp\/v2\/pages\/"}],"about":[{"href":"https:\/\/www.kezdi.ro\/ro\/wp-json\/wp\/v2\/types\/page\/"}],"author":[{"embeddable":true,"href":"https:\/\/www.kezdi.ro\/ro\/wp-json\/wp\/v2\/users\/1\/"}],"replies":[{"embeddable":true,"href":"https:\/\/www.kezdi.ro\/ro\/wp-json\/wp\/v2\/comments\/?post=35891"}],"version-history":[{"count":5,"href":"https:\/\/www.kezdi.ro\/ro\/wp-json\/wp\/v2\/pages\/35891\/revisions\/"}],"predecessor-version":[{"id":35909,"href":"https:\/\/www.kezdi.ro\/ro\/wp-json\/wp\/v2\/pages\/35891\/revisions\/35909\/"}],"wp:attachment":[{"href":"https:\/\/www.kezdi.ro\/ro\/wp-json\/wp\/v2\/media\/?parent=35891"}],"curies":[{"name":"wp","href":"https:\/\/api.w.org\/{rel}","templated":true}]}}

<p><strong>Certificatele de încadrare în grad handicap, a căror valabilitate expiră în perioada stării de urgență, își păstrează valabilitatea și vor putea fi reînnoite în termen de 90 zile după încetarea stării de urgență</strong><strong>!</strong></p>
<p>&nbsp;</p>
<p>În vederea evaluării care nu poate fi amânat (cazuri noi și reevaluări care țin de schimbarea stării de sănătate a persoanei cu handicap), actele vor fi trimise electronic la adresa de e-mail a Direcției de Asistență Socială: <a href="mailto:spas.targusecuiesc@gmail.com">spas.targusecuiesc@gmail.com</a>:</p>
<p>&#8211; Cerere tip (anexă: CerereEvaluare)</p>
<p>&#8211; Recomandare de la medicul de familie (anexă: ScrisoareMedicala)</p>
<p>&#8211; Recomandare de la medicul specialist (anexă: ReferatMedical)</p>
<p>&#8211; Copia actului de identitate al persoanei cu handicap</p>
<p>&#8211; Certificatul de încadrare în grad handicap, după caz</p>
<p>&#8211; Adeverință de venit (în cazul pensiei cuponul de pensie va fi însoțit de decizia de pensionare)</p>
<p>&nbsp;</p>
<p>Solicitanții vor fi contactați telefonic în vederea confirmării/completării dosarului.</p>
<p>Dosarele întocmite vor fi transmise de DAS, din oficiu, Comisiei de evaluare din cadrul Direcției Generale de Asistență Socială și Protecția Copilului Covasna.</p>
<p>După emitere, Certificatul de încadrare în grad handicap va fi transmis titularului, iar titularul va trimite o copie la adresa de e-mail a Direcției de Asistență Socială.</p>
<p>&nbsp;</p>
<p><strong>În funcție de gradul de handicap, titularul are următoarele drepturi:</strong></p>
<p>1. GRAV, cu asistent personal:</p>
<p>&#8211; 500 lei, fără cerere</p>
<p>&#8211; Angajarea unui asistent personal sau acordarea indemnizației pentru plata îngrijitorului, pe bază de cerere (anexă: CerereAsistentIndemnizatie), însoțită de copia următoarelor documente:</p>
<p>&#8211; Certificat de încadrare în grad handicap</p>
<p>&#8211; Cartea de identitate a persoanei cu handicap</p>
<p>&#8211; Cartea de identitate a asistentului personal desemnat</p>
<p>&#8211; Adeverință de venit</p>
<p>&#8211; Extras bancar cu numărul contului bancar</p>
<p>2. GRAV, fără asistent personal:</p>
<p>&#8211; 500 lei, fără cerere</p>
<p>3. ACCENTUAT:</p>
<p>&#8211; 375 lei, fără cerere</p>
<p>4. MEDIU:</p>
<p>&#8211; 60 lei, fără cerere</p>
<p>5. UȘOR:</p>
<p>&#8211; Luare în evidență a persoanei cu handicap, fără drepturi bănești</p>
<p>&nbsp;</p>
<p>&nbsp;</p>
<p><strong><u>Alte drepturi:</u></strong></p>
<p><strong>Scutire de la plata impozitului &nbsp;( în cazurile 1,2,3):</strong></p>
<p>&#8211; Mai multe informații la Biroul de Impozite și Taxe Locale: tel. 0267/361974, int. 129</p>
<p>&nbsp;</p>
<p><strong>Rovinietă gratuită (în cazurile 1,2,3,4) în baza cererii și documentelor doveditoare:</strong></p>
<p><strong>Pentru autoturismul aflat în proprietatea persoanei cu handicap:</strong></p>
<p>&#8211; Cerere tip (anexă: CerereRovinetaTitular)</p>
<p>&#8211; Cartea de identitate a persoanei cu handicap</p>
<p>&#8211; Certificatul de încadrare în grad handicap</p>
<p>&#8211; Certificatul de înmatriculare și cartea de identitate a autoturismului</p>
<p>&nbsp;</p>
<p><strong>Pentru autoturismul aflat în proprietatea asistentului personal:</strong></p>
<p>&#8211; Cerere tip (anexă: CerereRovinetaAsistentPersonal)</p>
<p>&#8211; Cartea de identitate a persoanei cu handicap</p>
<p>&#8211; Certificatul de încadrare în grad handicap</p>
<p>&#8211; Cartea de identitate a asistentului personal</p>
<p>&#8211; Contractul de muncă valabil al asistentului personal</p>
<p>&#8211; Certificatul de înmatriculare și cartea de identitate a autoturismului</p>
<p>&nbsp;</p>
<p><strong>Pentru autoturismul aflat în proprietatea îngrijitorului/însoțitorului:</strong></p>
<p>&#8211; Cerere tip (anexă: CerereRovinetaInsotitor)</p>
<p>&#8211; Cartea de identitate a persoanei cu handicap</p>
<p>&#8211; Certificatul de încadrare în grad handicap</p>
<p>&#8211; Cartea de identitate a îngrijitorului/însoțitorului</p>
<p>&#8211; Certificatul de înmatriculare și cartea de identitate a autoturismului</p>
<p>&#8211; Declarația persoanei cu handicap cu privire la îngrijitor/însoțitor (anexă: DeclaratieInsotitor)</p>

<p>Certificatele de încadrare în grad handicap, a căror valabilitate expiră în perioada stării de urgență, își păstrează valabilitatea și vor putea fi reînnoite în termen de 90 zile după încetarea stării de urgență! &nbsp; În vederea evaluării care nu poate fi amânat (cazuri noi și reevaluări care țin de schimbarea stării de sănătate a persoanei [&hellip;]</p>
